{"id":1662,"date":"2021-08-28T21:16:52","date_gmt":"2021-08-29T02:16:52","guid":{"rendered":"https:\/\/www.unicatolicadelsur.edu.co\/catsur\/?page_id=1662"},"modified":"2022-04-28T11:57:43","modified_gmt":"2022-04-28T16:57:43","slug":"siac","status":"publish","type":"page","link":"https:\/\/www.unicatolicadelsur.edu.co\/catsur\/siac\/","title":{"rendered":"Sistema Interno de Aseguramiento de la Calidad"},"content":{"rendered":"\n<div class=\"wp-block-qubely-row alignfull qubely-section qubely-block-8c1611\"><div class=\"qubely-row-overlay\"><\/div><div class=\"qubely-container\"><div class=\"qubely-row \">\n<div class=\"wp-block-qubely-column qubely-column qubely-column-front qubely-block-4f2efa\"><div class=\"qubely-column-inner\">\n<div class=\"wp-block-qubely-text qubely-block-cb2c45\"><div class=\"qubely-block-text  \"><div class=\"qubely-block-text-title-container  qubely-separator-position-top\"><div class=\"qubely-block-text-title-inner\"><h2 class=\"qubely-block-text-title\">Componentes<br>del SIAC<\/h2><\/div><\/div><p><\/p><\/div><\/div>\n\n\n\n<p><\/p>\n<\/div><\/div>\n\n\n\n<div class=\"wp-block-qubely-column qubely-column qubely-column-front qubely-block-b4e9cb\"><div class=\"qubely-column-inner\">\n<div class=\"wp-block-qubely-text qubely-block-35fa15\"><div class=\"qubely-block-text  \"><div class=\"qubely-block-text-title-container  qubely-separator-position-top\"><div class=\"qubely-block-text-title-inner\"><h2 class=\"qubely-block-text-title\"><\/h2><\/div><\/div><p>La Fundaci\u00f3n Universitaria Cat\u00f3lica del Sur, establece el Sistema Interno de Aseguramiento de la Calidad, el cual promueve dentro de la Instituci\u00f3n la autoevaluaci\u00f3n, la autorregulaci\u00f3n y el mejoramiento contin\u00fao articulando las funciones administrativas y acad\u00e9micas a trav\u00e9s de un enfoque de procesos y procedimientos estandarizados que aseguren la transparencia y celeridad.<br><br>Para poner en operaci\u00f3n este Sistema, la Fundaci\u00f3n Universitaria Cat\u00f3lica del Sur ha definido cuatro componentes, los cuales se encuentran \u00edntimamente relacionados y as\u00ed, permiten a la Instituci\u00f3n asegurar que las actividades que se realicen cumplan con los requisitos de calidad tanto internos como externos.<\/p><\/div><\/div>\n\n\n\n<div class=\"wp-block-qubely-image alignwide qubely-block-c820f9\"><div class=\"qubely-block-image  qubely-image-layout-simple\"><div class=\"qubely-image-media qubely-vertical-alignment-center qubely-horizontal-alignment-center\"><figure><div class=\"qubely-image-container\"><img decoding=\"async\" class=\"qubely-image-image\" src=\"https:\/\/www.unicatolicadelsur.edu.co\/catsur\/wp-content\/uploads\/2021\/09\/ESQUEMASGC.png\" alt=\"\"\/><\/div><\/figure><\/div><\/div><\/div>\n\n\n\n<p><\/p>\n<\/div><\/div>\n<\/div><\/div><\/div>\n\n\n\n<div class=\"wp-block-qubely-row alignfull qubely-section qubely-block-40d3bc\"><div class=\"qubely-row-overlay\"><\/div><div class=\"qubely-container\"><div class=\"qubely-row \">\n<div class=\"wp-block-qubely-column qubely-column qubely-column-front qubely-block-b57478\"><div class=\"qubely-column-inner\">\n<div class=\"wp-block-qubely-text qubely-block-a15955\"><div class=\"qubely-block-text  \"><div class=\"qubely-block-text-title-container  qubely-separator-position-top\"><div class=\"qubely-block-text-title-inner\"><h2 class=\"qubely-block-text-title\"><br><span style=\"color: #dda521;\" data=\"#dda521\" class=\"qubely-text-has-color\"><span data-fontsize=\"82\" style=\"font-size: 82px;\" class=\"qubely-custom-font\">01<\/span><\/span><\/h2><\/div><\/div><p><\/p><\/div><\/div>\n\n\n\n<div class=\"wp-block-qubely-text qubely-block-e674ad\"><div class=\"qubely-block-text  \"><div class=\"qubely-block-text-title-container  qubely-separator-position-top\"><div class=\"qubely-block-text-title-inner\"><h2 class=\"qubely-block-text-title\">Sistema Gesti\u00f3n<br><br>de la Calidad<\/h2><\/div><\/div><p><\/p><\/div><\/div>\n\n\n\n<p><\/p>\n<\/div><\/div>\n\n\n\n<div class=\"wp-block-qubely-column qubely-column qubely-column-front qubely-block-c7627c\"><div class=\"qubely-column-inner\">\n<div class=\"wp-block-qubely-text qubely-block-490e8a\"><div class=\"qubely-block-text  \"><p><br>La Fundaci\u00f3n Universitaria Cat\u00f3lica del Sur, establece un sistema de gesti\u00f3n basado en la gesti\u00f3n por procesos y el ciclo del mejoramiento continuo o ciclo PHVA, que permite mejorar la eficiencia y eficacia de la organizaci\u00f3n para alcanzar los objetivos definidos, lo que implica a su vez aumentar la satisfacci\u00f3n y el compromiso con la excelencia acad\u00e9mica en el desarrollo de sus funciones administrativas y acad\u00e9micas, atendiendo los requisitos de su contexto.<br><br>Para trabajar con este enfoque, la Fundaci\u00f3n Universitaria Cat\u00f3lica del Sur, ha identificado 12 procesos en los que se agrupan las actividades propias de la Instituci\u00f3n tanto a nivel estrat\u00e9gico, como misional y de apoyo, y que responden al direccionamiento estrat\u00e9gico declarado por la misma. Estos procesos est\u00e1n claramente delimitados e interrelacionados y se encuentran bajo la coordinaci\u00f3n y seguimiento de un l\u00edder de proceso, encargado de asegurar su adecuada gesti\u00f3n, seguimiento y mejoramiento.<\/p><\/div><\/div>\n<\/div><\/div>\n<\/div><\/div><\/div>\n\n\n\n<div class=\"wp-block-qubely-row alignfull qubely-section qubely-block-f9dec7\"><div class=\"qubely-row-overlay\"><\/div><div class=\"qubely-container\"><div class=\"qubely-row \">\n<div class=\"wp-block-qubely-column qubely-column qubely-column-front qubely-block-18a5e0\"><div class=\"qubely-column-inner\">\n<div class=\"wp-block-qubely-text qubely-block-49da84\"><div class=\"qubely-block-text  \"><div class=\"qubely-block-text-title-container  qubely-separator-position-top\"><div class=\"qubely-block-text-title-inner\"><h2 class=\"qubely-block-text-title\">Mapa de Procesos de la<br>Unicat\u00f3lica del Sur<\/h2><\/div><\/div><p><\/p><\/div><\/div>\n<\/div><\/div>\n\n\n\n<div class=\"wp-block-qubely-column qubely-column qubely-column-front qubely-block-e3ac4d\"><div class=\"qubely-column-inner\">\n<div class=\"wp-block-qubely-image qubely-block-5872f5\"><div class=\"qubely-block-image  qubely-image-layout-simple\"><div class=\"qubely-image-media qubely-vertical-alignment-center qubely-horizontal-alignment-center\"><figure><div class=\"qubely-image-container\"><img decoding=\"async\" class=\"qubely-image-image\" src=\"https:\/\/www.unicatolicadelsur.edu.co\/catsur\/wp-content\/uploads\/2021\/08\/Mapa-Procesos-SIAC.png\" alt=\"\"\/><\/div><\/figure><\/div><\/div><\/div>\n<\/div><\/div>\n<\/div><\/div><\/div>\n\n\n\n<div class=\"wp-block-qubely-row alignfull qubely-section qubely-block-b213a9\"><div class=\"qubely-row-overlay\"><\/div><div class=\"qubely-container\"><div class=\"qubely-row \">\n<div class=\"wp-block-qubely-column qubely-column qubely-column-front qubely-block-75ab7a\"><div class=\"qubely-column-inner\">\n<div class=\"wp-block-qubely-text qubely-block-1a4e0d\"><div class=\"qubely-block-text  \"><div class=\"qubely-block-text-title-container  qubely-separator-position-top\"><div class=\"qubely-block-text-title-inner\"><h2 class=\"qubely-block-text-title\">02<\/h2><\/div><\/div><p><strong>Autoevaluaci\u00f3n y Acreditaci\u00f3n<\/strong><\/p><\/div><\/div>\n\n\n\n<div class=\"wp-block-qubely-text qubely-block-0b999f\"><div class=\"qubely-block-text  \"><div class=\"qubely-block-text-title-container  qubely-separator-position-top\"><div class=\"qubely-block-text-title-inner\"><h2 class=\"qubely-block-text-title\"><\/h2><\/div><\/div><p>Es un proceso que permite monitorear de manera permanente el cumplimiento de las condiciones de calidad de los programas acad\u00e9micos e institucionales, basado en los lineamientos construidos por el Consejo Nacional de Acreditaci\u00f3n, con el objetivo de detectar oportunidades de mejora para proponer estrategias y tomar acciones encaminadas al crecimiento y consolidaci\u00f3n de las buenas pr\u00e1cticas administrativas y acad\u00e9micas de acuerdo al contexto educativo que vive el pa\u00eds.<br><br>Se desarrolla de manera sistem\u00e1tica, permanente y participativa, incluyendo en su ejecuci\u00f3n los puntos de vista de los diferentes actores que hacen parte de la comunidad acad\u00e9mica de un programa y de la Instituci\u00f3n, como son estudiantes, profesores, egresados, personal administrativo y sector externo.<\/p><\/div><\/div>\n\n\n\n<p><\/p>\n<\/div><\/div>\n<\/div><\/div><\/div>\n\n\n\n<div class=\"wp-block-qubely-row alignfull qubely-section qubely-block-d94d24\"><div class=\"qubely-row-overlay\"><\/div><div class=\"qubely-container\"><div class=\"qubely-row \">\n<div class=\"wp-block-qubely-column qubely-column qubely-column-front qubely-block-a4c58f\"><div class=\"qubely-column-inner\">\n<div class=\"wp-block-qubely-text qubely-block-84b655\"><div class=\"qubely-block-text  \"><div class=\"qubely-block-text-title-container  qubely-separator-position-top\"><div class=\"qubely-block-text-title-inner\"><h2 class=\"qubely-block-text-title\">Pol\u00edtica de Autoevaluaci\u00f3n<\/h2><\/div><\/div><p>La Fundaci\u00f3n Universitaria Cat\u00f3lica del Sur, adopta la autoevaluaci\u00f3n como un proceso reflexivo, sistem\u00e1tico y participativo cuyo objetivo es el an\u00e1lisis de logros en pro del mejoramiento continuo a trav\u00e9s del monitoreo permanente y la autorregulaci\u00f3n de las condiciones de calidad y la identificaci\u00f3n de oportunidades de mejora y buenas pr\u00e1cticas, para la construcci\u00f3n de estrategias y acciones que ser\u00e1n establecidas en un plan de mejoramiento que estar\u00e1 articulado a los planes de inversi\u00f3n y que ser\u00e1n parte integral del Plan de Desarrollo Institucional. <\/p><\/div><\/div>\n<\/div><\/div>\n<\/div><\/div><\/div>\n\n\n\n<div class=\"wp-block-qubely-row alignfull qubely-section qubely-block-68c0c3\"><div class=\"qubely-row-overlay\"><\/div><div class=\"qubely-container\"><div class=\"qubely-row \">\n<div class=\"wp-block-qubely-column qubely-column qubely-column-front qubely-block-b94886\"><div class=\"qubely-column-inner\">\n<div class=\"wp-block-qubely-text qubely-block-4d0806\"><div class=\"qubely-block-text  \"><div class=\"qubely-block-text-title-container  qubely-separator-position-top\"><div class=\"qubely-block-text-title-inner\"><h2 class=\"qubely-block-text-title\">03<\/h2><\/div><\/div><p><strong>Gesti\u00f3n de Registros Calificados<\/strong><\/p><\/div><\/div>\n\n\n\n<div class=\"wp-block-qubely-text qubely-block-ba9132\"><div class=\"qubely-block-text  \"><div class=\"qubely-block-text-title-container  qubely-separator-position-top\"><div class=\"qubely-block-text-title-inner\"><h2 class=\"qubely-block-text-title\"><\/h2><\/div><\/div><p>El decreto 1330 y las resoluciones que lo ponen en aplicaci\u00f3n, exigen la presentaci\u00f3n y verificaci\u00f3n de evidencias de cumplimiento y mejoramiento, y por esta raz\u00f3n, la gesti\u00f3n de registros calificados es apoyada y direccionada desde el SIAC con el fin de asegurar el cumplimiento de cada uno de los requisitos y evidencias exigidas por la normativa, siendo estas condiciones monitoreadas permanentemente en procesos de autorregulaci\u00f3n, que dan cuenta del compromiso con la calidad que la Instituci\u00f3n tiene dentro del sistema educativo.<\/p><\/div><\/div>\n\n\n\n<p><\/p>\n<\/div><\/div>\n<\/div><\/div><\/div>\n\n\n\n<div class=\"wp-block-qubely-row alignfull qubely-section qubely-block-d732ee\"><div class=\"qubely-row-overlay\"><\/div><div class=\"qubely-container\"><div class=\"qubely-row \">\n<div class=\"wp-block-qubely-column qubely-column qubely-column-front qubely-block-36f04a\"><div class=\"qubely-column-inner\">\n<div class=\"wp-block-qubely-text qubely-block-8dd076\"><div class=\"qubely-block-text  \"><div class=\"qubely-block-text-title-container  qubely-separator-position-top\"><div class=\"qubely-block-text-title-inner\"><h2 class=\"qubely-block-text-title\">04<\/h2><\/div><\/div><p><strong>Gesti\u00f3n de la Informaci\u00f3n<\/strong><\/p><\/div><\/div>\n\n\n\n<div class=\"wp-block-qubely-text qubely-block-825b34\"><div class=\"qubely-block-text  \"><div class=\"qubely-block-text-title-container  qubely-separator-position-top\"><div class=\"qubely-block-text-title-inner\"><h2 class=\"qubely-block-text-title\"><\/h2><\/div><\/div><p>El elemento transversal que une todos los componentes del SIAC de la Instituci\u00f3n, es la Gesti\u00f3n de informaci\u00f3n. Este componente permite consolidar y gestionar los datos para generar informaci\u00f3n al interior de cada uno de los procesos de la Instituci\u00f3n. A trav\u00e9s de indicadores, se obtiene conocimiento con el fin de poder brindar elementos que permitan la toma de decisiones. Por ello, se articula con la pol\u00edtica de seguridad de la informaci\u00f3n y la Pol\u00edtica de protecci\u00f3n de datos.<\/p><\/div><\/div>\n<\/div><\/div>\n<\/div><\/div><\/div>\n\n\n\n<div class=\"wp-block-qubely-row alignfull qubely-section qubely-block-445dd0\"><div class=\"qubely-row-overlay\"><\/div><div class=\"qubely-container\"><div class=\"qubely-row \">\n<div class=\"wp-block-qubely-column qubely-column qubely-column-front qubely-block-e5e2d5\"><div class=\"qubely-column-inner\">\n<div class=\"wp-block-qubely-text qubely-block-4a9100\"><div class=\"qubely-block-text  \"><div class=\"qubely-block-text-title-container  qubely-separator-position-top\"><div class=\"qubely-block-text-title-inner\"><h2 class=\"qubely-block-text-title\">Documentaci\u00f3n<br>Sistema de Gesti\u00f3n de Calidad<\/h2><\/div><\/div><p><\/p><\/div><\/div>\n\n\n\n<div class=\"wp-block-qubely-text qubely-block-8e7a5c\"><div class=\"qubely-block-text  \"><div class=\"qubely-block-text-title-container  qubely-separator-position-top\"><div class=\"qubely-block-text-title-inner\"><h2 class=\"qubely-block-text-title\">Para acceder a la documentaci\u00f3n haga clic en Ingresar<\/h2><\/div><\/div><p><\/p><\/div><\/div>\n\n\n\n<div class=\"wp-block-qubely-button qubely-block-f4e8c5\"><div class=\"qubely-block-btn-wrapper \"><div class=\"qubely-block-btn\"><a class=\"qubely-block-btn-anchor is-large\" href=\"https:\/\/moodle.unicatolicadelsur.edu.co\" target=\"_blank\" rel=\"noopener noreferrer\"><strong>Ingresar<\/strong><\/a><\/div><\/div><\/div>\n<\/div><\/div>\n\n\n\n<div class=\"wp-block-qubely-column qubely-column qubely-column-front qubely-block-8a5c35\"><div class=\"qubely-column-inner\">\n<div class=\"wp-block-qubely-image qubely-block-0cee85\"><div class=\"qubely-block-image  qubely-image-layout-simple\"><div class=\"qubely-image-media qubely-vertical-alignment-center qubely-horizontal-alignment-center\"><figure><div class=\"qubely-image-container\"><a href=\"http:\/\/moodle.unicatolicadelsur.edu.co\/moodle\/\" target=\"_blank\" rel=\"noopener noreferrer\"><img decoding=\"async\" class=\"qubely-image-image\" src=\"https:\/\/www.unicatolicadelsur.edu.co\/catsur\/wp-content\/uploads\/2021\/09\/icono-documentacion.png\" alt=\"\"\/><\/a><\/div><\/figure><\/div><\/div><\/div>\n<\/div><\/div>\n<\/div><\/div><\/div>\n","protected":false},"excerpt":{"rendered":"","protected":false},"author":1,"featured_media":0,"parent":0,"menu_order":0,"comment_status":"closed","ping_status":"closed","template":"","meta":{"qubely_global_settings":"","qubely_interactions":"","_uag_custom_page_level_css":"","_vp_format_video_url":"","_vp_image_focal_point":[],"footnotes":""},"class_list":["post-1662","page","type-page","status-publish","hentry"],"uagb_featured_image_src":{"full":false,"thumbnail":false,"medium":false,"medium_large":false,"large":false,"1536x1536":false,"2048x2048":false,"qubely_landscape":false,"qubely_portrait":false,"qubely_thumbnail":false,"vp_sm":false,"vp_md":false,"vp_lg":false,"vp_xl":false,"vp_sm_popup":false,"vp_md_popup":false,"vp_xl_popup":false,"enlighten-slider-image":false,"enlighten-portfolio-image":false,"enlighten-service-image":false,"enlighten-service-image-2":false,"enlighten-testimonial-image":false,"enlighten-client-section":false,"enlighten-recent-news":false,"enlighten-recent-news-disable-twitter":false,"enlighten-footer-recent-news":false,"enlighten-single-page":false,"enlighten-coourse-image":false,"enlighten-event-image":false,"enlighten-blog-image":false,"enlighten-team-home":false,"enlighten-portfolio-grid":false,"enlighten-blog-list-post":false,"enlighten-event-schedule":false},"uagb_author_info":{"display_name":"unicat","author_link":"https:\/\/www.unicatolicadelsur.edu.co\/catsur\/author\/unicat\/"},"uagb_comment_info":0,"uagb_excerpt":null,"_links":{"self":[{"href":"https:\/\/www.unicatolicadelsur.edu.co\/catsur\/wp-json\/wp\/v2\/pages\/1662","targetHints":{"allow":["GET"]}}],"collection":[{"href":"https:\/\/www.unicatolicadelsur.edu.co\/catsur\/wp-json\/wp\/v2\/pages"}],"about":[{"href":"https:\/\/www.unicatolicadelsur.edu.co\/catsur\/wp-json\/wp\/v2\/types\/page"}],"author":[{"embeddable":true,"href":"https:\/\/www.unicatolicadelsur.edu.co\/catsur\/wp-json\/wp\/v2\/users\/1"}],"replies":[{"embeddable":true,"href":"https:\/\/www.unicatolicadelsur.edu.co\/catsur\/wp-json\/wp\/v2\/comments?post=1662"}],"version-history":[{"count":0,"href":"https:\/\/www.unicatolicadelsur.edu.co\/catsur\/wp-json\/wp\/v2\/pages\/1662\/revisions"}],"wp:attachment":[{"href":"https:\/\/www.unicatolicadelsur.edu.co\/catsur\/wp-json\/wp\/v2\/media?parent=1662"}],"curies":[{"name":"wp","href":"https:\/\/api.w.org\/{rel}","templated":true}]}}