{"id":15027,"date":"2024-01-19T09:57:29","date_gmt":"2024-01-19T14:57:29","guid":{"rendered":"https:\/\/www.unicatolicadelsur.edu.co\/catsur\/?page_id=15027"},"modified":"2025-08-22T14:43:22","modified_gmt":"2025-08-22T19:43:22","slug":"banco-de-proyectos","status":"publish","type":"page","link":"https:\/\/www.unicatolicadelsur.edu.co\/catsur\/banco-de-proyectos\/","title":{"rendered":"Banco de Proyectos"},"content":{"rendered":"\n<div class=\"wp-block-qubely-row alignfull qubely-section qubely-block-8d04d0\"><div class=\"qubely-row-overlay\"><\/div><div class=\"qubely-container\"><div class=\"qubely-row \">\n<div class=\"wp-block-qubely-column qubely-column qubely-column-front qubely-block-8caadf\"><div class=\"qubely-column-inner\">\n<div class=\"wp-block-qubely-row alignfull qubely-section qubely-block-e82a2f\"><div class=\"qubely-row-overlay\"><\/div><div class=\"qubely-container\"><div class=\"qubely-row \">\n<div class=\"wp-block-qubely-column qubely-column qubely-column-front qubely-block-302623\"><div class=\"qubely-column-inner\">\n<div class=\"wp-block-qubely-image qubely-block-00c5ba\"><div class=\"qubely-block-image  qubely-image-layout-simple\"><div class=\"qubely-image-media qubely-vertical-alignment-center qubely-horizontal-alignment-center\"><figure><div class=\"qubely-image-container\"><img decoding=\"async\" class=\"qubely-image-image\" src=\"https:\/\/www.unicatolicadelsur.edu.co\/catsur\/wp-content\/uploads\/2024\/01\/portada-banco-de-proyectos.png\" alt=\"\"\/><\/div><\/figure><\/div><\/div><\/div>\n\n\n\n<div class=\"wp-block-qubely-row qubely-section qubely-block-084e99\"><div class=\"qubely-row-overlay\"><\/div><div class=\"qubely-container\"><div class=\"qubely-row \">\n<div class=\"wp-block-qubely-column qubely-column qubely-column-front qubely-block-617a68\"><div class=\"qubely-column-inner\">\n<div class=\"wp-block-qubely-text qubely-block-d7ad2a\"><div class=\"qubely-block-text  \"><p>Durante los \u00faltimos a\u00f1os, el Banco de Proyectos de la Fundaci\u00f3n Universitaria Cat\u00f3lica del Sur ha liderado las iniciativas vinculadas con la formulaci\u00f3n, seguimiento, actualizaci\u00f3n y apoyo de todos los proyectos dentro de la universidad, con el objetivo de potenciar significativamente esta \u00e1rea.<\/p><\/div><\/div>\n\n\n\n<div class=\"wp-block-qubely-row qubely-section qubely-block-08789b\"><div class=\"qubely-row-overlay\"><\/div><div class=\"qubely-container\"><div class=\"qubely-row \">\n<div class=\"wp-block-qubely-column qubely-column qubely-column-front qubely-block-e0f1b0\"><div class=\"qubely-column-inner\">\n<div class=\"wp-block-qubely-heading qubely-block-0f140d\" id=\"2-banco-de-proyectos\"><div class=\"qubely-block-heading  \"><div class=\"qubely-heading-container\"><h2 class=\"qubely-heading-selector\">Banco de Proyectos<\/h2><\/div><\/div><\/div>\n<\/div><\/div>\n<\/div><\/div><\/div>\n\n\n\n<div class=\"qubely-block-accordion  qubely-block-704c8f\" data-item-toggle=\"true\">\n<div class=\"wp-block-qubely-accordion-item qubely-block-d97974\"><div class=\"qubely-accordion-item qubely-type-fill false\"><div class=\"qubely-accordion-panel qubely-icon-position-right\"><span class=\"qubely-accordion-panel-handler\" role=\"button\"><span class=\"qubely-accordion-panel-handler-label\">Gu\u00edas y Formatos<\/span><span class=\"qubely-accordion-icon fa fa-plus\"><\/span><\/span><\/div><div class=\"qubely-accordion-body\"><div itemprop=\"text\">\n<ul class=\"wp-block-list\">\n<li style=\"font-size:16px\">Guia N\u00b01<\/li>\n\n\n\n<li style=\"font-size:16px\">Formato N\u00b01<\/li>\n<\/ul>\n<\/div><\/div><\/div><\/div>\n\n\n\n<div class=\"wp-block-qubely-accordion-item qubely-block-95a147\"><div class=\"qubely-accordion-item qubely-type-fill false\"><div class=\"qubely-accordion-panel qubely-icon-position-right\"><span class=\"qubely-accordion-panel-handler\" role=\"button\"><span class=\"qubely-accordion-panel-handler-label\">Planes Operativos Anuales de Inversi\u00f3n<\/span><span class=\"qubely-accordion-icon fa fa-plus\"><\/span><\/span><\/div><div class=\"qubely-accordion-body\"><div itemprop=\"text\">\n<ul class=\"wp-block-list\">\n<li style=\"font-size:16px\">Plan Operativo Anual de Inversi\u00f3n Vigencia 2022&nbsp;&nbsp;<\/li>\n<\/ul>\n<\/div><\/div><\/div><\/div>\n\n\n\n<div class=\"wp-block-qubely-accordion-item qubely-block-12ae55\"><div class=\"qubely-accordion-item qubely-type-fill false\"><div class=\"qubely-accordion-panel qubely-icon-position-right\"><span class=\"qubely-accordion-panel-handler\" role=\"button\"><span class=\"qubely-accordion-panel-handler-label\">Ejecuci\u00f3n de Proyectos<\/span><span class=\"qubely-accordion-icon fa fa-plus\"><\/span><\/span><\/div><div class=\"qubely-accordion-body\"><div itemprop=\"text\">\n<ul class=\"wp-block-list\">\n<li style=\"font-size:16px\">Ejecuci\u00f3n Proyectos 2021&nbsp;&nbsp;<\/li>\n<\/ul>\n<\/div><\/div><\/div><\/div>\n\n\n\n<div class=\"wp-block-qubely-accordion-item qubely-block-0cde49\"><div class=\"qubely-accordion-item qubely-type-fill false\"><div class=\"qubely-accordion-panel qubely-icon-position-right\"><span class=\"qubely-accordion-panel-handler\" role=\"button\"><span class=\"qubely-accordion-panel-handler-label\">Seguimiento a Proyectos<\/span><span class=\"qubely-accordion-icon fa fa-plus\"><\/span><\/span><\/div><div class=\"qubely-accordion-body\"><div itemprop=\"text\">\n<ul class=\"wp-block-list\">\n<li style=\"font-size:16px\">Seguimiento a Proyectos 2020 &#8211; Semestre II&nbsp;&nbsp;<\/li>\n<\/ul>\n<\/div><\/div><\/div><\/div>\n<\/div>\n\n\n\n<div class=\"wp-block-qubely-row qubely-section qubely-block-9e3e5f\"><div class=\"qubely-row-overlay\"><\/div><div class=\"qubely-container\"><div class=\"qubely-row \">\n<div class=\"wp-block-qubely-column qubely-column qubely-column-front qubely-block-596be7\"><div class=\"qubely-column-inner\"><\/div><\/div>\n<\/div><\/div><\/div>\n\n\n\n<div class=\"wp-block-qubely-row qubely-section qubely-block-788c22\"><div class=\"qubely-row-overlay\"><\/div><div class=\"qubely-container\"><div class=\"qubely-row \">\n<div class=\"wp-block-qubely-column qubely-column qubely-column-front qubely-block-ea925e\"><div class=\"qubely-column-inner\">\n<div class=\"wp-block-qubely-heading qubely-block-c9b08e\" id=\"2-banco-de-proyectos\"><div class=\"qubely-block-heading  \"><div class=\"qubely-heading-container\"><h2 class=\"qubely-heading-selector\">Proyectos Registrados Vigentes<\/h2><\/div><\/div><\/div>\n<\/div><\/div>\n<\/div><\/div><\/div>\n\n\n\n<div class=\"qubely-block-accordion  qubely-block-704c8f\" data-item-toggle=\"true\">\n<div class=\"wp-block-qubely-accordion-item qubely-block-065aca\"><div class=\"qubely-accordion-item qubely-type-fill false\"><div class=\"qubely-accordion-panel qubely-icon-position-right\"><span class=\"qubely-accordion-panel-handler\" role=\"button\"><span class=\"qubely-accordion-panel-handler-label\">I220001 &#8211; 2020 &#8211; B &#8211; Caracterizaci\u00f3n de recien nacidos a t\u00e9rmino con hipernatr\u00e9mica. <\/span><span class=\"qubely-accordion-icon fa fa-plus\"><\/span><\/span><\/div><div class=\"qubely-accordion-body\"><div itemprop=\"text\">\n<ul class=\"wp-block-list\">\n<li style=\"font-size:16px\"><a href=\"https:\/\/www.unicatolicadelsur.edu.co\/catsur\/wp-content\/uploads\/BancoProyectos\/I220001\/Comite-etica-hipernatremia.pdf\" target=\"_blank\" rel=\"noreferrer noopener\">Comit\u00e9 \u00e9tica hipernatremia<\/a><\/li>\n\n\n\n<li style=\"font-size:16px\"><a href=\"https:\/\/www.unicatolicadelsur.edu.co\/catsur\/wp-content\/uploads\/BancoProyectos\/I220001\/Caracterizacion-de-recien-nacidos-con-DHT-hipernatremica.pdf\" target=\"_blank\" rel=\"noreferrer noopener\">Caracterizaci\u00f3n de recien nacidos con DHT hipernatremica<\/a><\/li>\n<\/ul>\n<\/div><\/div><\/div><\/div>\n\n\n\n<div class=\"wp-block-qubely-accordion-item qubely-block-e0ccd4\"><div class=\"qubely-accordion-item qubely-type-fill false\"><div class=\"qubely-accordion-panel qubely-icon-position-right\"><span class=\"qubely-accordion-panel-handler\" role=\"button\"><span class=\"qubely-accordion-panel-handler-label\">I221004 &#8211; 2021 &#8211; B &#8211;  Medidas alternativas utilizadas por el personal de las UCIS para prevenir la infecci\u00f3n por COVID 19, Pasto &#8211; Colombia, 2020.<\/span><span class=\"qubely-accordion-icon fa fa-plus\"><\/span><\/span><\/div><div class=\"qubely-accordion-body\"><div itemprop=\"text\">\n<ul class=\"wp-block-list\">\n<li style=\"font-size:16px\"><a href=\"https:\/\/www.unicatolicadelsur.edu.co\/catsur\/wp-content\/uploads\/BancoProyectos\/I221004\/Comite-de-etica-y-aprobacion-Medidas-alternativas.pdf\">Comite de etica y aprobaci\u00f3n Medidas alternativas<\/a><\/li>\n\n\n\n<li style=\"font-size:16px\"><a href=\"https:\/\/www.unicatolicadelsur.edu.co\/catsur\/wp-content\/uploads\/BancoProyectos\/I221004\/Articulo-alternativas-tereupeuticas-2023.pdf\">Articulo alternativas tereupeuticas 2023.<\/a><\/li>\n<\/ul>\n<\/div><\/div><\/div><\/div>\n\n\n\n<div class=\"wp-block-qubely-accordion-item qubely-block-b63740\"><div class=\"qubely-accordion-item qubely-type-fill false\"><div class=\"qubely-accordion-panel qubely-icon-position-right\"><span class=\"qubely-accordion-panel-handler\" role=\"button\"><span class=\"qubely-accordion-panel-handler-label\">I220005 &#8211; 2022 &#8211; B &#8211; Simulaci\u00f3n cl\u00ednica como estrategia metodol\u00f3gica en la formaci\u00f3n del profesional del \u00e1rea de la salud en el campus universitario, 2022.<\/span><span class=\"qubely-accordion-icon fa fa-plus\"><\/span><\/span><\/div><div class=\"qubely-accordion-body\"><div itemprop=\"text\">\n<ul class=\"wp-block-list\">\n<li style=\"font-size:16px\"><a href=\"https:\/\/www.unicatolicadelsur.edu.co\/catsur\/wp-content\/uploads\/BancoProyectos\/I220005\/Carta-de-aprobacion-Italia.pdf\">Carta de aprobaci\u00f3n Italia<\/a><\/li>\n\n\n\n<li style=\"font-size:16px\"><a href=\"https:\/\/www.unicatolicadelsur.edu.co\/catsur\/wp-content\/uploads\/BancoProyectos\/I220005\/Carta-presentacion-proyecto-CEI.pdf\" target=\"_blank\" rel=\"noreferrer noopener\">Carta presentaci\u00f3n proyecto CEI<\/a><\/li>\n\n\n\n<li style=\"font-size:16px\"><a href=\"https:\/\/www.unicatolicadelsur.edu.co\/catsur\/wp-content\/uploads\/BancoProyectos\/I220005\/Documentos-aprobacion-simulacion-clinica.pdf\" target=\"_blank\" rel=\"noreferrer noopener\">Documentos aprobaci\u00f3n simulaci\u00f3n clinica.<\/a><\/li>\n\n\n\n<li style=\"font-size:16px\"><a href=\"https:\/\/www.unicatolicadelsur.edu.co\/catsur\/wp-content\/uploads\/BancoProyectos\/I220005\/Proyecto-Italia.pdf\" target=\"_blank\" rel=\"noreferrer noopener\">Proyecto Italia<\/a><\/li>\n\n\n\n<li style=\"font-size:16px\"><a href=\"https:\/\/www.unicatolicadelsur.edu.co\/catsur\/wp-content\/uploads\/BancoProyectos\/I220005\/Proyecto-de-Simulacion-2022.pdf\" target=\"_blank\" rel=\"noreferrer noopener\">Proyecto de Simulaci\u00f3n 2022<\/a><\/li>\n<\/ul>\n<\/div><\/div><\/div><\/div>\n\n\n\n<div class=\"wp-block-qubely-accordion-item qubely-block-14a5a2\"><div class=\"qubely-accordion-item qubely-type-fill false\"><div class=\"qubely-accordion-panel qubely-icon-position-right\"><span class=\"qubely-accordion-panel-handler\" role=\"button\"><span class=\"qubely-accordion-panel-handler-label\">I220006 &#8211; 2022 &#8211; A &#8211; Implementaci\u00f3n de los procesos de humanizaci\u00f3n de la atenci\u00f3n m\u00e9dica mediada por teleconsulta<\/span><span class=\"qubely-accordion-icon fa fa-plus\"><\/span><\/span><\/div><div class=\"qubely-accordion-body\"><div itemprop=\"text\">\n<ul class=\"wp-block-list\">\n<li style=\"font-size:16px\"><a href=\"https:\/\/www.unicatolicadelsur.edu.co\/catsur\/wp-content\/uploads\/BancoProyectos\/I220006\/2.-Protocolo-Humanizacion.pdf\">Protocolo Humanizacion<\/a><\/li>\n\n\n\n<li style=\"font-size:16px\"><a href=\"https:\/\/www.unicatolicadelsur.edu.co\/catsur\/wp-content\/uploads\/BancoProyectos\/I220006\/3.-Acta-de-Inicio-Estandarizacion-Atencion-PIE-ECISA.pdf\" target=\"_blank\" rel=\"noreferrer noopener\">Acta de Inicio Estandarizacio\u0301n Atencio\u0301n-PIE ECISA<\/a><\/li>\n<\/ul>\n<\/div><\/div><\/div><\/div>\n<\/div>\n<\/div><\/div>\n<\/div><\/div><\/div>\n<\/div><\/div>\n<\/div><\/div><\/div>\n<\/div><\/div>\n<\/div><\/div><\/div>\n\n\n\n<div class=\"wp-block-qubely-row qubely-section qubely-block-6995b3\"><div class=\"qubely-row-overlay\"><\/div><div class=\"qubely-container\"><div class=\"qubely-row \">\n<div class=\"wp-block-qubely-column qubely-column qubely-column-front qubely-block-cfeb4d\"><div class=\"qubely-column-inner\">\n<p><\/p>\n<\/div><\/div>\n<\/div><\/div><\/div>\n","protected":false},"excerpt":{"rendered":"","protected":false},"author":1,"featured_media":0,"parent":0,"menu_order":0,"comment_status":"closed","ping_status":"closed","template":"","meta":{"qubely_global_settings":"","qubely_interactions":"","_uag_custom_page_level_css":"","_vp_format_video_url":"","_vp_image_focal_point":[],"footnotes":""},"class_list":["post-15027","page","type-page","status-publish","hentry"],"uagb_featured_image_src":{"full":false,"thumbnail":false,"medium":false,"medium_large":false,"large":false,"1536x1536":false,"2048x2048":false,"qubely_landscape":false,"qubely_portrait":false,"qubely_thumbnail":false,"vp_sm":false,"vp_md":false,"vp_lg":false,"vp_xl":false,"vp_sm_popup":false,"vp_md_popup":false,"vp_xl_popup":false,"enlighten-slider-image":false,"enlighten-portfolio-image":false,"enlighten-service-image":false,"enlighten-service-image-2":false,"enlighten-testimonial-image":false,"enlighten-client-section":false,"enlighten-recent-news":false,"enlighten-recent-news-disable-twitter":false,"enlighten-footer-recent-news":false,"enlighten-single-page":false,"enlighten-coourse-image":false,"enlighten-event-image":false,"enlighten-blog-image":false,"enlighten-team-home":false,"enlighten-portfolio-grid":false,"enlighten-blog-list-post":false,"enlighten-event-schedule":false},"uagb_author_info":{"display_name":"unicat","author_link":"https:\/\/www.unicatolicadelsur.edu.co\/catsur\/author\/unicat\/"},"uagb_comment_info":0,"uagb_excerpt":null,"_links":{"self":[{"href":"https:\/\/www.unicatolicadelsur.edu.co\/catsur\/wp-json\/wp\/v2\/pages\/15027","targetHints":{"allow":["GET"]}}],"collection":[{"href":"https:\/\/www.unicatolicadelsur.edu.co\/catsur\/wp-json\/wp\/v2\/pages"}],"about":[{"href":"https:\/\/www.unicatolicadelsur.edu.co\/catsur\/wp-json\/wp\/v2\/types\/page"}],"author":[{"embeddable":true,"href":"https:\/\/www.unicatolicadelsur.edu.co\/catsur\/wp-json\/wp\/v2\/users\/1"}],"replies":[{"embeddable":true,"href":"https:\/\/www.unicatolicadelsur.edu.co\/catsur\/wp-json\/wp\/v2\/comments?post=15027"}],"version-history":[{"count":0,"href":"https:\/\/www.unicatolicadelsur.edu.co\/catsur\/wp-json\/wp\/v2\/pages\/15027\/revisions"}],"wp:attachment":[{"href":"https:\/\/www.unicatolicadelsur.edu.co\/catsur\/wp-json\/wp\/v2\/media?parent=15027"}],"curies":[{"name":"wp","href":"https:\/\/api.w.org\/{rel}","templated":true}]}}